rivative of 193*k**4/2 - 7*k**3/6 + 3*k**2/2 + 19*k. Is u(2) a composite number?
False
Let u = -13848 - -19471. Is u a composite number?
False
Let f = -37683 + 94300. Is f a prime number?
False
Let o(s) = -5*s + 41. Let i be o(16). Let d = 515 + i. Let x = 293 + d. Is x prime?
True
Let g(f) = -19*f + 1 + 18*f + 921*f**2 + 3*f + 2640*f**2 + 1. Let m(x) = -x - 3. Let a be m(-2). Is g(a) a prime number?
False
Let r = -7532 + 57943. Is r a composite number?
False
Let f = -7 + 12. Suppose -5*a - 2*n + f*n - 7 = 0, 2 = a - 4*n. Is (-1 - (-4)/12)/(a/993) a composite number?
False
Suppose -2*o = -5*i + 3952, 2*i - 4*o - 1307 - 277 = 0. Let a = 2365 + i. Is a a composite number?
True
Is 24/(-2) - (-17 + 13687516/(-17)) composite?
False
Let g(b) = -b**2 + 21*b - 21. Suppose 3 = 4*f - 4*v - 9, -2*f - 2*v + 2 = 0. Suppose h + 44 = 4*h - f*c, 4*h - 3*c - 59 = 0. Is g(h) prime?
False
Let n(k) = -k**3 + 28*k**2 + 30*k - 31. Let m be n(30). Suppose 3*z = -1519 + 127. Let o = z - m. Is o composite?
False
Let l(o) = -64*o + 11. Let v be ((-14)/(-3))/(-4 + (-65)/(-15)). Let m = v - 17. Is l(m) a composite number?
True
Let i(g) be the third derivative of -g**3/6 - 42*g**2. Let r(h) = 25*h - 10. Let n(q) = 6*i(q) + r(q). Is n(5) a prime number?
True
Let f(z) = -43*z**3 - z**2 - z + 1. Let h be f(1). Let m = 39 + h. Is 67/(-2)*70/m composite?
True
Let u(n) = 28*n**3 - 118*n**2 + 31*n - 173. Is u(22) a composite number?
True
Let x be 87/6 + (-6)/4. Suppose 0 = -x*d + 14*d. Is 3/((-12)/(-644)) + d/(-3) a prime number?
False
Let n(q) = 12 - q - 6 - 3 + 106*q**2 + 10. Let l be n(7). Suppose -3*t - l = -4*h + 231, -h - 2*t + 1355 = 0. Is h a composite number?
True
Let j = -223 - 101. Let x = -2924 + 1633. Let w = j - x. Is w composite?
False
Suppose 17*n - n - 1637362 = 489214. Is n composite?
False
Let o = -891552 + 1864033. Is o prime?
True
Is 235/141*59847/5 composite?
False
Suppose -4*u = 54 + 202. Let s = u - -64. Is (-2876)/(-12)*3 - s a prime number?
True
Suppose 5*q - 5*j - 3610930 = 0, -q + 75*j + 722162 = 80*j. Is q a composite number?
True
Let b = -264489 + 506286. Is b a prime number?
False
Let a(y) = 1670*y - 1671*y + 613*y**2 - 3 + 4. Let i = 4 + -3. Is a(i) prime?
True
Suppose -1024993 = -260*x + 241*x. Is x a composite number?
True
Let b(w) = 234*w + 9. Let z(h) = 235*h + 10. Let x(r) = -236*r - 11. Let s(f) = 2*x(f) + 3*z(f). Let j(n) = -5*b(n) + 4*s(n). Is j(-3) a prime number?
True
Let v be (181 - 0) + (-3)/(-3)*-2. Suppose 0 = -b + 4*n + v + 645, 2*b - 4*n = 1668. Let h = b + -309. Is h composite?
True
Suppose -15*k = 70 - 265. Let d(f) = 61*f**2 - 42*f + 4. Is d(k) a composite number?
False
Suppose 3*m + 389359 = 5*l + 53286, -5*m = -5*l + 336085. Is l composite?
False
Let r(a) = -37*a - 37. Let p be r(-5). Suppose p = 2*x + 2*x. Let k = x - -186. Is k a prime number?
True
Let h be (-44)/(-12) + (-3)/(-9). Let n be (8 - 20/h)/(1/1338). Suppose -14169 = -5*j - n. Is j a prime number?
False
Let x = 0 + 12. Suppose 15*d + 2757 = x*d. Let o = -234 - d. Is o a composite number?
True
Let j = 36962 + -23001. Is j prime?
False
Suppose 0 = 3*k + k - 48464. Let l = k - 6949. Is l a prime number?
True
Suppose -2*r + 9771 + 26703 = 4*d, d - 36462 = -2*r. Is r a prime number?
True
Let b = -78 + 83. Let s(d) = -9*d**2 + 18. Let g be s(b). Let m = 353 + g. Is m a prime number?
False
Suppose -2*v + 3107187 = -k, -8*v + 6214395 = -4*v + k. Is v composite?
False
Suppose -5*b - 10 = -3*f + f, 0 = 2*b + 4*f + 28. Let g be (-3 - b)*3 - (-1363)/1. Let s = g - 779. Is s composite?
False
Suppose 7902265 = 33*i + 2*i. Is i a prime number?
True
Let j(v) = -38*v - 154. Let x(c) = -4*c - 44. Let n be x(-7). Is j(n) composite?
True
Is 609/(-6)*(-181740)/2730 a prime number?
False
Suppose -91741 + 1795515 = 28*d - 2427374. Is d a prime number?
True
Suppose -4*b - 2*t + 28308 = 0, 2*b = 3*t - 5*t + 14150. Is b a composite number?
False
Let o(b) = -89*b**3 - b**2 - 23*b - 8. Is o(-7) a composite number?
False
Suppose -7 = -5*v - d - 4, -4*d = -12. Suppose -4*s + s = -3*k - 1896, -4*s + 3*k + 2527 = v. Is s composite?
False
Let w = 26 - -2299. Suppose -w = -g - 818. Let y = -920 + g. Is y prime?
True
Suppose 0 = -3*w + w + 8200. Suppose -6*m + w = -2*m. Suppose 0 = 2*u + 3*b - m, 0 = -u - 3*b - 0*b + 511. Is u a composite number?
True
Suppose -2*a - 23698 = -2*l - 0*a, l - 4*a = 11837. Let x = l + -8282. Is x a prime number?
True
Let q(n) = 2*n**3 - 8*n**2 - 5*n + 1. Let f be q(-5). Let h = f - -625. Suppose -17*b + h = -14*b. Is b composite?
False
Suppose -591803 + 116522 = -5*t + u, 3*t - 5*u = 285151. Suppose 9*n - t = -10*n. Is n a composite number?
False
Let j(k) = -k**3 - 29*k**2 - 181*k - 188. Is j(-63) a prime number?
True
Suppose 27 = 5*j - 4*u - 162, 5*j + 2*u - 213 = 0. Let c = 45 - j. Is (2 + -991)*(-4)/c a composite number?
True
Suppose 69*x - 64*x - 265 = 0. Let u = x - 51. Suppose -v + u*g = -3*v + 12428, 4*v - 24841 = g. Is v composite?
False
Suppose 2*g - 2564 - 743 = 3*w, -3*w + g - 3302 = 0. Let u be 1/((-2)/(-3976)) - 2. Let o = w + u. Is o prime?
True
Let w be (11/(-33))/(2/(-18)). Suppose -w*s = 6, 0 = -m - 3*m - 2*s + 2664. Suppose 2*j - m = 5*y, 4*y - 157 = -j + 170. Is j prime?
True
Let u(v) = -v**2 - 15*v - 56. Let t be u(-7). Suppose 6*q + 7*q - 68393 = t. Is q a composite number?
False
Let b = 1 - 1. Let l = 1120 + -1117. Suppose l*c - 2805 + 144 = b. Is c a prime number?
True
Let d be 963/12*(-16)/6. Let v = 760 + d. Suppose -10*o + v = -44. Is o a prime number?
True
Let n(i) = 2*i**2 - 10*i + 1. Let z be n(-3). Let o = 8 + -6. Suppose -3*r - 5*w = -557, -z = -3*r - o*w + 496. Is r composite?
False
Let n = 309 + -499. Let c = n + 659. Is c a prime number?
False
Let n(f) = -9*f + 1 + 112*f + 2. Suppose 25*x - 87 = 13. Is n(x) a composite number?
True
Let g = -430909 + 1142960. Is g prime?
True
Let x = 474307 + -288080. Is x prime?
True
Let v be (-16)/88 + 871/11. Let c = 216 + v. Is c prime?
False
Suppose 11*k - 4*k - 42 = 0. Let u(n) = n**3 - 8*n**2 + 6*n + 10. Let z be u(k). Is (7/2)/(-7)*z a composite number?
False
Suppose -2*u + 26*f = 25*f - 242455, -3*f = u - 121238. Is u a prime number?
True
Is 9 - ((-550482)/(-184))/(6/(-64)) prime?
False
Let l = 468 + -438. Is (l/(-45))/(4/(-18402)) composite?
False
Suppose -g = 3*x - 8*x - 35, -5*g + 2*x = -60. Is (-78976)/(-10) - -3 - (-4)/g a composite number?
False
Suppose -2 = 4*y - 10. Suppose 4*s - 4*p + 996 = 2988, 1001 = y*s - 3*p. Is s composite?
True
Let a(d) = -7*d**2 - 51*d - 5. Let c be a(-7). Suppose -c*q - 2226 = -7905. Is q prime?
True
Suppose 9093 = -4*m - 5*y - 35320, 4*y = -4*m - 44416. Is (6 - m)/(5/5) composite?
False
Let c(r) = -r**3 - 4*r**2 - r - 12. Let f be c(0). Let j be f/(-9)*(-3)/2 - -1057. Suppose 0*v = v - j. Is v prime?
False
Let h(l) be the second derivative of -15*l - 1/2*l**3 - 3/2*l**2 + 83/6*l**4 + 0. Is h(-1) prime?
False
Let x be (-1 + -9)*(-296)/2. Let p = 2009 + -2007. Suppose p*o - o = 3*a - x, 0 = a - 3*o - 496. Is a a composite number?
True
Let s(c) = -70*c - 7. Let r be ((-1)/6*2)/(2/(-24)). Let a be (0 + r/(-8))/(3/18). Is s(a) prime?
False
Let p(b) = -2*b + 4. Let k be p(3). Let w = k + 4. Is 1170/9 - (w + -3) a composite number?
False
Let d(x) = -x**3 + 12*x**2 + 12*x - 1. Let q be (24/32)/((-2)/8). Let k(z) = -2*z**3 + 25*z**2 + 25*z - 3. Let n(l) = q*k(l) + 7*d(l). Is n(7) a prime number?
True
Let z = -54430 + 616101. Is z a prime number?
False
Suppose 5*r - 310364 = 116*d - 117*d, 18 = 2*r. Is d a composite number?
True
Is 3/((-6)/21766)*(1 + -3) composite?
True
Let d be ((-16)/20)/(1/5). Let b(s) = 4*s**2 - 8*s + 1. Let x be b(1). Is (3037/x)/(d/12) composite?
False
Suppose 3364375 = 3*q + 2*p, 0 = -2*q + 105*p - 101*p + 2242874. Is q composite?
False
Suppose 5*m + 4*c + 66 = 0, -3*c + 2*c + 1 = 0. Let f(d) = 7*d**2 + 8*d + 22. Is f(m) prime?
False
Suppose 3*l - 54552 = -3*d, 7*d - 2*d = l + 90902. Is d a prime number?
True
Suppose 3*x - 2*d + 4 = 0, 4*x + 0*d + 6 = 2*d. Is -3 + 35687 + (x - -1) a composite number?
True
Let m(w) = 56783*w + 2333. Is m(4) a prime number?
False
Let p(o) = 284*o**3 - 12*o**2 + 52*o - 13. Is p(8) prime?
True
Suppose -2*h + 8 = -y - 0*y, -3*h + 12 = y. Suppose 3*g + 1 - 7 = -3*d, y = 3*d + 5*g - 2. Is 1/(d - (-80975)/(-20245)